what is -211 - 21221?
-22202
In base 16, what is 6a0 - 6?
69a
In base 4, what is 10032 + -321?
3111
In base 14, what is 0 - -a1?
a1
In base 10, what is 6 - -21?
27
In base 6, what is 2 - 311?
-305
In base 14, what is c2 - 2?
c0
In base 10, what is -20 + -12?
-32
In base 11, what is -1a - -5?
-15
In base 6, what is 3 - -43025?
43032
In base 15, what is -3 + -72?
-75
In base 9, what is -162 - 5?
-167
In base 16, what is 59 + 14?
6d
In base 14, what is -b5 + 4?
-b1
In base 12, what is -5 - -1813?
180a
In base 3, what is 10221 + -11?
10210
In base 4, what is -13312 - 10?
-13322
In base 16, what is -5 - -83?
7e
In base 10, what is -6 - -6?
0
In base 10, what is 10 + -24?
-14
In base 11, what is -24 + -4?
-28
In base 4, what is -3 - -2330?
2321
In base 8, what is 660 + 0?
660
In base 2, what is 100001111110 - 10?
100001111100
In base 7, what is 110 - 55?
22
In base 5, what is 1122432 + 2?
1122434
In base 15, what is 6b5 + 4?
6b9
In base 3, what is 201011201 - -12?
201011220
In base 5, what is 1214311 - 0?
1214311
In base 5, what is 3 + 234?
242
In base 7, what is -2 - -443?
441
In base 14, what is 0 - -15?
15
In base 8, what is 3 - 3606?
-3603
In base 11, what is -204 + -7?
-210
In base 15, what is -1 - c?
-d
In base 2, what is -101 + -1011101101?
-1011110010
In base 14, what is 5 - -13?
18
In base 11, what is -1a95 + -4?
-1a99
In base 15, what is -1a + 28?
d
In base 3, what is 10 + 112011?
112021
In base 10, what is 1 + -234?
-233
In base 2, what is 100110 - 10?
100100
In base 10, what is -8 - -64?
56
In base 6, what is 21 - -4?
25
In base 2, what is 11 - 111010000?
-111001101
In base 6, what is 4 - -233?
241
In base 10, what is -3 - -88?
85
In base 6, what is 1 - 2121?
-2120
In base 9, what is -1018 - -27?
-881
In base 5, what is -1 + -1221?
-1222
In base 3, what is 12220 - -101?
20021
In base 12, what is -16 + 64?
4a
In base 15, what is 59 + -3?
56
In base 4, what is 33 + -12232?
-12133
In base 13, what is 0 - 4269?
-4269
In base 14, what is 0 - -47?
47
In base 14, what is c03 + 5?
c08
In base 2, what is -1000 - 11100?
-100100
In base 16, what is 6 + f5?
fb
In base 6, what is 401 + -250?
111
In base 10, what is 168 - -8?
176
In base 13, what is 15498 + -4?
15494
In base 11, what is -145 - 3?
-148
In base 15, what is -5 + 5a?
55
In base 4, what is 1 - -312?
313
In base 11, what is 25 - 8?
18
In base 7, what is -2 - -65?
63
In base 8, what is 1 + -377?
-376
In base 2, what is -110 - 1000?
-1110
In base 7, what is 3 - 2413?
-2410
In base 4, what is 3 - -3?
12
In base 4, what is 222 + -123?
33
In base 10, what is -451 - 27?
-478
In base 7, what is -2 - -126?
124
In base 7, what is -4 - 1323?
-1330
In base 5, what is -3 + -112001?
-112004
In base 8, what is -5 - 655?
-662
In base 4, what is -222110 - -11?
-222033
In base 12, what is -5 - 954?
-959
In base 13, what is 35 + 10?
45
In base 11, what is -626 + 1?
-625
In base 4, what is -21 - -13121?
13100
In base 7, what is 31 - -3?
34
In base 3, what is 20 + -11200?
-11110
In base 10, what is -93 - -67?
-26
In base 2, what is 110101 - 10101?
100000
In base 4, what is 1 + 1211031?
1211032
In base 3, what is -100002 - 212?
-100221
In base 3, what is 21120 + -1211?
12202
In base 9, what is 20 - 6?
13
In base 9, what is 1 - -141?
142
In base 8, what is 1 + -202?
-201
In base 6, what is -1 + -140?
-141
In base 7, what is 2 - 43?
-41
In base 5, what is 3230 + 10?
3240
In base 11, what is 7 - 145?
-139
In base 5, what is -12 - -200?
133
In base 11, what is -17a - -5?
-175
In base 2, what is 1100010001010 + 0?
1100010001010
In base 2, what is -1111101010 - -1000?
-1111100010
In base 5, what is -20 - -32024?
32004
In base 2, what is 100 + 111?
1011
In base 10, what is -8 + 1728?
1720
In base 11, what is 1 + -78?
-77
In base 9, what is 2 + 645?
647
In base 9, what is -2 + -418?
-421
In base 5, what is 2 + -241?
-234
In base 12, what is -42 + 3?
-3b
In base 13, what is 9 - 22c?
-223
In base 16, what is 33b + 0?
33b
In base 11, what is 0 - -21?
21
In base 2, what is 110001110010 + 0?
110001110010
In base 7, what is 32 - 3500?
-3435
In base 16, what is -e - 26c?
-27a
In base 5, what is 3 + -30?
-22
In base 3, what is 22222 - 1?
22221
In base 4, what is -1122 + 1?
-1121
In base 14, what is 113 + 5?
118
In base 3, what is 12 - 220?
-201
In base 14, what is -13 - -3?
-10
In base 5, what is 232 + 142?
424
In base 7, what is 55 - 156?
-101
In base 14, what is 6 - 1da?
-1d4
In base 11, what is 96 + 2?
98
In base 4, what is 33 - -331?
1030
In base 11, what is -23 + -4?
-27
In base 8, what is 267 + 6?
275
In base 3, what is -10010012 - 2?
-10010021
In base 8, what is -133500 + 3?
-133475
In base 14, what is 871 - -4?
875
In base 14, what is 72 - 4?
6c
In base 15, what is 1 + -ab?
-aa
In base 8, what is 7 + -177?
-170
In base 13, what is -b7 - 46?
-130
In base 12, what is 170 - -16?
186
In base 13, what is -3 - a7?
-aa
In base 11, what is -2 + 15?
13
In base 15, what is -2e + 4b?
1c
In base 8, what is -4 - 1103?
-1107
In base 12, what is -12 + -4?
-16
In base 9, what is -6148 + 0?
-6148
In base 7, what is -1 - 223?
-224
In base 11, what is 11 - -7?
18
In base 3, what is 110211 + 2?
110220
In base 8, what is 3510 + -1?
3507
In base 12, what is 3a + -90?
-52
In base 10, what is 53 + 0?
53
In base 16, what is -2c + -3?
-2f
In base 6, what is -1 + -30235?
-30240
In base 10, what is -141 + 2?
-139
In base 13, what is -34 + 18a?
156
In base 4, what is 0 + -233230?
-233230
In base 11, what is -1a - 4?
-23
In base 14, what is b + 4?
11
In base 2, what is 1001010101 - 0?
1001010101
In base 9, what is 3 + -610?
-606
In base 9, what is 3685 - 4?
3681
In base 11, what is -a4 + -1?
-a5
In base 12, what is -1 + -a2?
-a3
In base 14, what is -6 - -1?
-5
In base 13, what is 2 + -39?
-37
In base 8, what is -21 - -31?
10
In base 14, what is cc - 0?
cc
In base 8, what is -3 + -563?
-566
In base 4, what is -20 + 10?
-10
In base 15, what is -b6 - 3e?
-105
In base 6, what is 14 + -3?
11
In base 5, what is -2030 - 42?
-2122
In base 13, what is 5 + -41?
-39
In base 7, what is 2 - -6223?
6225
In base 16, what is -f - -1?
-e
In base 4, what is 0 + 1322?
1322
In base 9, what is -150 + -3?
-153
In base 14, what is -231 - 5?
-236
In base 16, what is a2 + -e?
94
In base 2, what is 1011100101000 + 0?
1011100101000
In base 5, what is 1 + 43?
44
In base 15, what is -5 - ca6?
-cab
In base 11, what is 5 + -3a?
-35
In base 16, what is -3a - -5?
-35
In base 16, what is 0 - -9?
9
In base 11, what is 7 + -350?
-344
In base 15, what is 1ac9 + 5?
1ace
In base 14, what is -21 + 5c?
3b
In base 7, what is 0 + -12663?
-12663
In base 4, what is 123 + 21?
210
In base 16, what is 3 - -691?
694
In base 3, what is -11112220 - 2?
-11112222
In base 12, what is 111 + 6?
117
In base 16, what is 11 + 1d?
2e
In base 5, what is 123 - 4?
114
In base 6, what is 3 - -31004?
31011
In base 2, what is -1001010 + 100010?
-101000
In base 7, what is -15 + -261?
-306
In base 4, what is 22 + 211?
233
In base 8, what is -752 - -3?
-747
In base 16, what is 50 - -87?
d7
In base 15, what is 4b - 9e?
-53
In base 5, what is -3 + 2100?
2042
In base 12, what is -24 + -4a?
-72
In base 16, what is 5 + -3?
2
In base 4, what is 12 + 10?
22
In base 16, what is -56 + -5?
-5b
In base 15, what is -a2 - 4?
-a6
In base 7, what is -25 + 45?
20
In base 4, what is -3 + 1113?
1110
In base 13, what is -5 - 1c09?
-1c11
In base 9, what is 2 - 348?
-346
In base 13, what is -2 + -36c?
-371
In base 2, what is 101111100100 - 0?
101111100100
In base 7, what is -11 + 161?
150
In base 16, what is 17 - 24?
-d
In base 12, what is 42 + -25?
19
In base 11, what is 23 - 1?
22
In base 10, what is 41 + 7?
48
In base 4, what is -112312 - -3?
-112303
In base 2, what is 111 - -101?
1100
In base 9, what is -2167 + -1?
-2168
In base 16, what is 4 + 2f?
33
In base 2, what is 101 + -1111?
-1010
In base 6, what is -215 + 54?
-121
In base 15, what is 2 - 70?
-6d
In base 5, what is -2412 + 1?
-2411
In base 11, what is -173 + -1?
-174
In base 7, what is -326 + 404?
45
In base 12, what is -5 - 1320?
-1325
In base 9, what is -145 - 1?
-146
In base 5, what is -32414 - 3?
-32422
In base 3, what is 11210220 - -20?
11211010
In base 13, what is -a - c1?
-cb
In base 7, what is 514 + -1?
513
In base 13, what is 2 - -1?
3
In base 5, what is 14 + 2